ltiple of 41?
False
Is 65213496 a multiple of 408?
True
Does 64 divide 21670623?
False
Does 193 divide 45433744?
True
Does 1523 divide 227400653?
True
Is 45 a factor of 20850108?
False
Is 2821230172 a multiple of 68?
True
Is 72115337 a multiple of 538?
False
Does 535 divide 11315588?
False
Does 10 divide 118382860?
True
Does 161 divide 506218939?
False
Is 1929756448 a multiple of 496?
True
Is 30242010 a multiple of 13?
False
Is 65 a factor of 67410413?
False
Is 491045192 a multiple of 22?
True
Is 36 a factor of 124500136?
False
Is 5220018 a multiple of 18?
True
Does 15 divide 14527110?
True
Is 36 a factor of 238892544?
True
Is 67588206 a multiple of 266?
True
Is 1002 a factor of 39149146?
False
Does 32 divide 30277632?
True
Is 41283417 a multiple of 100?
False
Is 117 a factor of 14134653?
True
Is 62226244 a multiple of 102?
False
Is 46 a factor of 18837626?
False
Does 77 divide 2690149?
True
Does 5 divide 37204360?
True
Is 104 a factor of 2031348904?
True
Is 348647443 a multiple of 3571?
True
Is 660 a factor of 6248174?
False
Is 1417684628 a multiple of 224?
False
Does 492 divide 70459936?
False
Is 23903008 a multiple of 20?
False
Does 22 divide 20387307?
False
Is 114 a factor of 1000138530?
True
Is 24 a factor of 84273921?
False
Is 1631 a factor of 249657170?
True
Is 1451450 a multiple of 455?
True
Is 31194886 a multiple of 83?
True
Does 478 divide 74659884?
False
Does 67 divide 54363063?
True
Is 15540646 a multiple of 1535?
False
Is 46 a factor of 991484?
True
Is 4 a factor of 61675366?
False
Is 348 a factor of 49102473?
False
Is 3876 a factor of 347157816?
True
Is 156 a factor of 130218192?
True
Does 1679 divide 45657047?
True
Is 35674381 a multiple of 17?
True
Does 27 divide 114478929?
False
Does 1149 divide 1263900?
True
Is 324891100 a multiple of 28?
False
Is 20 a factor of 18198142?
False
Is 6780530 a multiple of 4826?
True
Is 329 a factor of 13743553?
False
Does 285 divide 67277385?
True
Is 3 a factor of 24245625?
True
Is 54 a factor of 585747018?
True
Is 15567863 a multiple of 2166?
False
Does 700 divide 111057800?
True
Is 3320650 a multiple of 15?
False
Does 71 divide 34645722?
False
Is 213 a factor of 274501194?
True
Does 1445 divide 161072705?
True
Is 378 a factor of 126827694?
True
Is 475935728 a multiple of 93?
False
Is 4 a factor of 73241908?
True
Does 333 divide 64809978?
False
Is 185287471 a multiple of 72?
False
Is 342 a factor of 736861758?
False
Does 16 divide 57724160?
True
Is 249 a factor of 80360293?
False
Does 2160 divide 43809936?
False
Is 6571518 a multiple of 43?
True
Does 41 divide 45010764?
False
Does 2 divide 21538732?
True
Is 252780157 a multiple of 639?
False
Does 880 divide 93025083?
False
Does 1687 divide 47887182?
True
Does 67 divide 633916077?
False
Is 284395120 a multiple of 8795?
True
Is 470 a factor of 14866337?
False
Is 12 a factor of 71169792?
True
Does 11 divide 9308972?
False
Is 127730486 a multiple of 289?
True
Does 1419 divide 43330584?
True
Does 7252 divide 159239416?
True
Does 50 divide 16600850?
True
Is 69205963 a multiple of 50?
False
Does 206 divide 18710362?
True
Is 26861827 a multiple of 3?
False
Is 8 a factor of 261223?
False
Is 783 a factor of 28875474?
True
Does 171 divide 49431731?
False
Does 551 divide 200714914?
False
Is 132 a factor of 3952055?
False
Is 155 a factor of 136230354?
False
Is 5372 a factor of 1565110760?
False
Is 46684575 a multiple of 9?
True
Does 98 divide 78080503?
False
Is 93 a factor of 1050137674?
False
Is 3514 a factor of 118289121?
False
Is 3276 a factor of 620464572?
True
Does 5512 divide 1725597744?
True
Does 131 divide 151189851?
True
Is 115 a factor of 1290974916?
False
Is 347 a factor of 40277678?
True
Does 3 divide 143362710?
True
Is 130831335 a multiple of 31?
False
Is 297 a factor of 2907312465?
False
Is 75850694 a multiple of 29?
False
Does 48 divide 16278726?
False
Does 1455 divide 37069990?
False
Is 159424785 a multiple of 39?
True
Is 20850687 a multiple of 221?
True
Does 291 divide 19966940?
False
Is 64 a factor of 1076428456?
False
Is 218051838 a multiple of 18?
True
Is 12 a factor of 3517694?
False
Is 404 a factor of 7334620?
True
Is 458046804 a multiple of 61?
True
Is 205275113 a multiple of 30?
False
Is 3293 a factor of 660277926?
False
Does 27 divide 22113783?
True
Is 1112497037 a multiple of 6195?
False
Is 141151818 a multiple of 222?
True
Is 7 a factor of 17717739?
False
Is 25398318 a multiple of 694?
True
Does 4097 divide 1033824689?
True
Does 953 divide 589505787?
True
Is 94317338 a multiple of 302?
False
Is 465159616 a multiple of 4819?
False
Does 3 divide 60476763?
True
Is 14 a factor of 57323?
False
Does 955 divide 38190450?
True
Does 275 divide 106671811?
False
Is 1637 a factor of 197302111?
False
Does 68 divide 54234542?
False
Does 267 divide 298567410?
True
Is 308 a factor of 1550464104?
False
Does 218 divide 16717330?
True
Is 78 a factor of 28983240?
True
Does 82 divide 12933696?
True
Is 349 a factor of 21341676?
False
Does 357 divide 1451444515?
False
Is 5 a factor of 15511165?
True
Does 2978 divide 68820928?
False
Is 793 a factor of 1610951549?
False
Is 311 a factor of 823888138?
True
Is 15853440 a multiple of 960?
True
Is 102135294 a multiple of 6?
True
Is 4 a factor of 22365772?
True
Does 4085 divide 5878315?
True
Is 398852848 a multiple of 773?
False
Is 487 a factor of 23433941?
False
Does 349 divide 3339288706?
False
Does 9 divide 77095881?
True
Is 180306200 a multiple of 20?
True
Is 1582 a factor of 1220957542?
True
Is 58151500 a multiple of 220?
True
Does 24 divide 133438564?
False
Does 55 divide 4704260?
True
Is 40173865 a multiple of 23?
False
Is 322522389 a multiple of 8?
False
Does 59 divide 1037305045?
False
Is 26 a factor of 23270294?
False
Does 207 divide 178885951?
False
Is 37239401 a multiple of 624?
False
Is 483398041 a multiple of 4?
False
Does 449 divide 20271463?
False
Does 4815 divide 516235410?
True
Is 138963093 a multiple of 597?
True
Does 89 divide 150946581?
True
Does 4202 divide 6301159524?
True
Is 4963997 a multiple of 18?
False
Does 292 divide 84395087?
False
Is 128 a factor of 3989376?
True
Is 67426667 a multiple of 623?
True
Does 10 divide 1059600?
True
Is 6152 a factor of 1223783062?
False
Does 50 divide 107324600?
True
Is 7 a factor of 129604115?
False
Is 781 a factor of 18150084?
False
Is 7024136320 a multiple of 4855?
True
Is 28 a factor of 90854512?
True
Does 1905 divide 101442348?
False
Is 822 a factor of 75594462?
False
Is 5 a factor of 883157624?
False
Does 471 divide 46303356?
False
Is 2589800720 a multiple of 457?
True
Is 401052694 a multiple of 14?
True
Is 3713340 a multiple of 995?
True
Is 1287382 a multiple of 629?
False
Is 1340 a factor of 80117476?
False
Is 5213497440 a multiple of 618?
True
Does 9 divide 174834468?
True
Does 99 divide 315934146?
True
Is 53397391 a multiple of 19?
True
Does 627 divide 208475619?
True
Does 129 divide 421437421?
False
Is 2216077680 a multiple of 80?
True
Is 6 a factor of 33570543?
False
Does 437 divide 42100904?
False
Does 39 divide 8802318?
False
Is 73 a factor of 35980897?
True
Is 257 a factor of 349786980?
False
Does 176 divide 14092302?
False
Is 4308256 a multiple of 31?
True
Does 170 divide 496920540?
True
Is 210153952 a multiple of 16?
True
Is 4997 a factor of 712771960?
False
Is 46581644 a multiple of 274?
True
Does 698 divide 83018724?
True
Does 162 divide 155424440?
False
Is 156913551 a multiple of 2405?
False
Is 293 a factor of 112216435?
False
Is 91 a factor of 22780833?
False
Does 1317 divide 30002577?
True
Is 29 a factor of 1141346564?
False
Is 70965378 a multiple of 986?
True
Is 7 a factor of 55598711?
True
Is 22 a factor of 446401103?
False
Does 14 divide 76146252?
True
Is 2660457790 a multiple of 65?
False
Is 20 a factor of 144970820?
True
Does 35 divide 11760245?
True
Does 2653 divide 58655742?
False
Does 89 divide 9728679?
True
Does 3469 divide 7732064431?
False
Is 168388592 a multiple of 94?
True
Does 129 divide 287309060?
False
Is 4575370 even?
True
Does 226 divide 27103954?
True
Is 84 a factor of 28516677?
False
Does 12 divide 8479591?
False
Does 29 divide 52243484?
False
Is 103 a factor of 336072829?
True
Does 2093 divide 238363475?
False
Does 103 divide 16809802?
False
Is 2549 a factor of 2285384969?
True
Is 114 a factor of 16028172?